{"id":24,"date":"2024-11-25T14:55:04","date_gmt":"2024-11-25T05:55:04","guid":{"rendered":"https:\/\/ishihara-group.co.jp\/picsnew\/?page_id=24"},"modified":"2025-01-04T18:45:51","modified_gmt":"2025-01-04T09:45:51","slug":"contact","status":"publish","type":"page","link":"https:\/\/ishihara-group.co.jp\/pics\/contact.html","title":{"rendered":"\u304a\u554f\u3044\u5408\u308f\u305b \u30fc Inquiry Form \u30fc"},"content":{"rendered":"\n<div class=\"wp-block-columns is-layout-flex wp-container-core-columns-is-layout-28f84493 wp-block-columns-is-layout-flex\">\n<div class=\"wp-block-column has-border-color has-vk-color-custom-4-border-color has-background is-layout-flow wp-block-column-is-layout-flow\" style=\"border-width:1px;background-color:#f2f2ff;padding-top:var(--wp--preset--spacing--40);padding-right:var(--wp--preset--spacing--40);padding-bottom:var(--wp--preset--spacing--40);padding-left:var(--wp--preset--spacing--40)\">\n<p>\u3054\u8cea\u554f\u30fb\u3054\u76f8\u8ac7\u307b\u304b\u5fc5\u8981\u4e8b\u9805\u3092\u3054\u5165\u529b\u3044\u305f\u3060\u304d\uff3b\u9001\u4fe1\u3059\u308b\uff3d\u30dc\u30bf\u30f3\u3092\u62bc\u3057\u3066\u304f\u3060\u3055\u3044\u3002<br>\u5fc5\u9808\u9805\u76ee\u306f\u3001\u5fc5\u305a\u3054\u5165\u529b\u3092\u304a\u9858\u3044\u81f4\u3057\u307e\u3059\u3002<\/p>\n\n\n\n<p>\u304a\u554f\u3044\u5408\u308f\u305b\u30d5\u30a9\u30fc\u30e0\u53d7\u9818\u5f8c\u306b\u81ea\u52d5\u8fd4\u4fe1\u30e1\u30fc\u30eb\u3092\u9001\u4fe1\u3044\u305f\u3057\u307e\u3059\u3002\u3082\u3057\u30e1\u30fc\u30eb\u304c\u5c4a\u304b\u306a\u3044\u5834\u5408\u306f\u3001\u6050\u308c\u5165\u308a\u307e\u3059\u304c\u96fb\u8a71\u307e\u305f\u306fE-Mail\u306b\u3066\u3054\u9023\u7d61\u304f\u3060\u3055\u3044\u3002\u203b\u53d7\u4ed8\u6642\u9593\u306f\u65e5\u672c\u6642\u9593\u3068\u306a\u3063\u3066\u304a\u308a\u307e\u3059\u3002<\/p>\n\n\n\n<p>\u3010\u53d7\u4ed8\u6642\u9593\u3011<br>\u6708\uff5e\u67289:00-19:00\u3001<br>\u91d1\u66dc9:00-18:00\uff08\u795d\u65e5\u30fb\u6307\u5b9a\u4f11\u6687\u65e5\u3092\u9664\u304f\uff09<\/p>\n\n\n\n<p>\u30fb\u56fd\u969b\u96fb\u8a71\u3000+63-2-8800-7992<br>\u30fbe-mail\u3000<a href=\"mailto:info.pics@ishihara-group.co.jp\">\u3053\u3061\u3089\u3078<\/a><\/p>\n\n\n\n<p>\u304a\u5ba2\u69d8\u304b\u3089\u304a\u9810\u304b\u308a\u3057\u305f\u500b\u4eba\u60c5\u5831\u3001\u304a\u5bc4\u305b\u3044\u305f\u3060\u3044\u305f\u76f8\u8ac7\u5185\u5bb9\u306f\u53b3\u91cd\u306b\u53d6\u6271\u3044\u3001\u30d7\u30e9\u30a4\u30d0\u30b7\u30fc\u4fdd\u8b77\u306b\u52aa\u3081\u307e\u3059\u3002<\/p>\n\n\n\n<div class=\"wp-block-vk-blocks-button vk_button vk_button-color-custom vk_button-align-left\"><a href=\"https:\/\/ishihara-group.co.jp\/pics\/privacy.html\" class=\"vk_button_link has-text-color vk_button_link-type-text has-vk-color-primary-color btn-md\" role=\"button\" aria-pressed=\"true\" rel=\"noopener\"><div class=\"vk_button_link_caption\"><i class=\"fa-solid fa-circle-right vk_button_link_before\"><\/i><span class=\"vk_button_link_txt\">\u30d7\u30e9\u30a4\u30d0\u30b7\u30fc\u30dd\u30ea\u30b7\u30fc<\/span><\/div><\/a><\/div>\n<\/div>\n\n\n\n<div class=\"wp-block-column has-border-color has-luminous-vivid-orange-border-color has-background is-layout-flow wp-block-column-is-layout-flow\" style=\"border-width:1px;background-color:#fef4f4;padding-top:var(--wp--preset--spacing--40);padding-right:var(--wp--preset--spacing--40);padding-bottom:var(--wp--preset--spacing--40);padding-left:var(--wp--preset--spacing--40)\">\n<p>If you have questions or requests about Our products and services, please fill out the form below and press the \"Submit\" button. Required fields are marked with an asterisk (*).<\/p>\n\n\n\n<p>We will send an automatic reply email after receiving your inquiry form. If you do not receive the email, please contact us by phone or email. *Reception hours are Japan time.<\/p>\n\n\n\n<p>[Reception hours]<br>Monday-Tuesday: 9:00-19:00\u3000Friday: 9:00-18:00\uff08Except public holidays\uff09<\/p>\n\n\n\n<ul class=\"wp-block-list\">\n<li>TEL  +63-2-8800-7992<\/li>\n\n\n\n<li><a href=\"mailto:info.pics@ishihara-group.co.jp\">e-mail<\/a><\/li>\n<\/ul>\n\n\n\n<p>We shall carefully manage personal information entered in the inquiry form according to our\u00a0<a href=\"https:\/\/ishihara-group.co.jp\/pics\/privacy.html\">Privacy Policy<\/a>.<\/p>\n\n\n\n<div class=\"wp-block-vk-blocks-button vk_button vk_button-color-custom vk_button-align-left\"><a href=\"https:\/\/ishihara-group.co.jp\/pics\/privacy.html\" class=\"vk_button_link has-text-color vk_button_link-type-text has-vk-color-primary-color btn-md\" role=\"button\" aria-pressed=\"true\" rel=\"noopener\"><div class=\"vk_button_link_caption\"><i class=\"fa-solid fa-circle-right vk_button_link_before\"><\/i><span class=\"vk_button_link_txt\">Privacy Policy<\/span><\/div><\/a><\/div>\n<\/div>\n<\/div>\n\n\n\n<div style=\"height:20px\" aria-hidden=\"true\" class=\"wp-block-spacer\"><\/div>\n\n\n\n<div class=\"wp-block-contact-form-7-contact-form-selector\">\n<div class=\"wpcf7 no-js\" id=\"wpcf7-f213-o1\" lang=\"ja\" dir=\"ltr\" data-wpcf7-id=\"213\">\n<div class=\"screen-reader-response\"><p role=\"status\" aria-live=\"polite\" aria-atomic=\"true\"><\/p> <ul><\/ul><\/div>\n<form action=\"\/pics\/wp-json\/wp\/v2\/pages\/24#wpcf7-f213-o1\" method=\"post\" class=\"wpcf7-form init\" aria-label=\"\u30b3\u30f3\u30bf\u30af\u30c8\u30d5\u30a9\u30fc\u30e0\" novalidate=\"novalidate\" data-status=\"init\">\n<div style=\"display: none;\">\n<input type=\"hidden\" name=\"_wpcf7\" value=\"213\" \/>\n<input type=\"hidden\" name=\"_wpcf7_version\" value=\"6.0.4\" \/>\n<input type=\"hidden\" name=\"_wpcf7_locale\" value=\"ja\" \/>\n<input type=\"hidden\" name=\"_wpcf7_unit_tag\" value=\"wpcf7-f213-o1\" \/>\n<input type=\"hidden\" name=\"_wpcf7_container_post\" value=\"0\" \/>\n<input type=\"hidden\" name=\"_wpcf7_posted_data_hash\" value=\"\" \/>\n<input type=\"hidden\" name=\"_wpcf7_recaptcha_response\" value=\"\" \/>\n<\/div>\n<table class=\"CF7_table\">\n\t<tr>\n\t\t<th>\n\t\t\t<p><span class=\"CF7_unreq\">\u4efb\u610f<\/span>\u4f1a\u793e\u540d<br \/>\n\u3000\u3000\u3000<span class=\"eng_txt\">Company Name<\/span>\n\t\t\t<\/p>\n\t\t<\/th>\n\t\t<td>\n\t\t\t<p><span class=\"wpcf7-form-control-wrap\" data-name=\"your-company\"><input size=\"40\" maxlength=\"400\" class=\"wpcf7-form-control wpcf7-text\" aria-invalid=\"false\" placeholder=\"\u4f8b\uff1a\u25ef\u25ef\u682a\u5f0f\u4f1a\u793e\" value=\"\" type=\"text\" name=\"your-company\" \/><\/span>\n\t\t\t<\/p>\n\t\t<\/td>\n\t<\/tr>\n\t<tr>\n\t\t<th>\n\t\t\t<p><span class=\"CF7_req\">\u5fc5\u9808<\/span> \u304a\u540d\u524d<br \/>\n\u3000\u3000\u3000<span class=\"eng_txt\">*Your Name<\/span>\n\t\t\t<\/p>\n\t\t<\/th>\n\t\t<td>\n\t\t\t<p><span class=\"wpcf7-form-control-wrap\" data-name=\"your-name\"><input size=\"40\" maxlength=\"400\" class=\"wpcf7-form-control wpcf7-text wpcf7-validates-as-required\" aria-required=\"true\" aria-invalid=\"false\" placeholder=\"\u4f8b\uff1a\u3042\u306a\u305f\u306e\u304a\u540d\u524d\" value=\"\" type=\"text\" name=\"your-name\" \/><\/span>\n\t\t\t<\/p>\n\t\t<\/td>\n\t<\/tr>\n\t<tr>\n\t\t<th>\n\t\t\t<p><span class=\"CF7_unreq\">\u4efb\u610f<\/span>\u3075\u308a\u304c\u306a<br \/>\n\u3000\u3000\u3000<span class=\"eng_txt\">Name Reading<\/span>\n\t\t\t<\/p>\n\t\t<\/th>\n\t\t<td>\n\t\t\t<p><span class=\"wpcf7-form-control-wrap\" data-name=\"your-kana\"><input size=\"40\" maxlength=\"400\" class=\"wpcf7-form-control wpcf7-text\" aria-invalid=\"false\" placeholder=\"\u4f8b\uff1a\u3042\u306a\u305f\u306e\u304a\u540d\u524d\u306e\u3075\u308a\u304c\u306a\" value=\"\" type=\"text\" name=\"your-kana\" \/><\/span>\n\t\t\t<\/p>\n\t\t<\/td>\n\t<\/tr>\n\t<tr>\n\t\t<th>\n\t\t\t<p><span class=\"CF7_req\">\u5fc5\u9808<\/span> \u30e1\u30fc\u30eb\u30a2\u30c9\u30ec\u30b9<br \/>\n\u3000\u3000\u3000<span class=\"eng_txt\">*Mail Address<\/span>\n\t\t\t<\/p>\n\t\t<\/th>\n\t\t<td>\n\t\t\t<p><span class=\"wpcf7-form-control-wrap\" data-name=\"your-email\"><input size=\"40\" maxlength=\"400\" class=\"wpcf7-form-control wpcf7-email wpcf7-validates-as-required wpcf7-text wpcf7-validates-as-email\" aria-required=\"true\" aria-invalid=\"false\" placeholder=\"\u4f8b\uff1a\u00d7\u00d7\u00d7@\u00d7\u00d7\u00d7.com\" value=\"\" type=\"email\" name=\"your-email\" \/><\/span>\n\t\t\t<\/p>\n\t\t<\/td>\n\t<\/tr>\n\t<tr>\n\t\t<th>\n\t\t\t<p><span class=\"CF7_req\">\u5fc5\u9808<\/span> \u304a\u96fb\u8a71\u756a\u53f7<br \/>\n\u3000\u3000\u3000<span class=\"eng_txt\">*Phone Number<\/span>\n\t\t\t<\/p>\n\t\t<\/th>\n\t\t<td>\n\t\t\t<p><span class=\"wpcf7-form-control-wrap\" data-name=\"your-tel\"><input size=\"40\" maxlength=\"400\" class=\"wpcf7-form-control wpcf7-text wpcf7-validates-as-required\" aria-required=\"true\" aria-invalid=\"false\" placeholder=\"\u4f8b\uff1a03-1234-5678\" value=\"\" type=\"text\" name=\"your-tel\" \/><\/span>\n\t\t\t<\/p>\n\t\t<\/td>\n\t<\/tr>\n\t<tr>\n\t\t<th>\n\t\t\t<p><span class=\"CF7_unreq\">\u4efb\u610f<\/span> \u8fd4\u4fe1\u65b9\u6cd5\u306e\u3054\u5e0c\u671b<br \/>\n\u3000\u3000\u3000<span class=\"eng_txt\">Response<\/span>\n\t\t\t<\/p>\n\t\t<\/th>\n\t\t<td>\n\t\t\t<p><span class=\"wpcf7-form-control-wrap\" data-name=\"your-reply\"><span class=\"wpcf7-form-control wpcf7-checkbox\"><span class=\"wpcf7-list-item first\"><input type=\"checkbox\" name=\"your-reply[]\" value=\"\u30e1\u30fc\u30eb\u3067\u306e\u8fd4\u4fe1\u3092\u5e0c\u671b(by e-mail)\" \/><span class=\"wpcf7-list-item-label\">\u30e1\u30fc\u30eb\u3067\u306e\u8fd4\u4fe1\u3092\u5e0c\u671b(by e-mail)<\/span><\/span><span class=\"wpcf7-list-item\"><input type=\"checkbox\" name=\"your-reply[]\" value=\"\u96fb\u8a71\u3067\u306e\u8fd4\u4fe1\u3092\u5e0c\u671b(by phone)\" checked=\"checked\" \/><span class=\"wpcf7-list-item-label\">\u96fb\u8a71\u3067\u306e\u8fd4\u4fe1\u3092\u5e0c\u671b(by phone)<\/span><\/span><span class=\"wpcf7-list-item last\"><input type=\"checkbox\" name=\"your-reply[]\" value=\"\u8fd4\u4fe1\u4e0d\u8981(No reply required)\" \/><span class=\"wpcf7-list-item-label\">\u8fd4\u4fe1\u4e0d\u8981(No reply required)<\/span><\/span><\/span><\/span>\n\t\t\t<\/p>\n\t\t<\/td>\n\t<\/tr>\n\t<tr>\n\t\t<th>\n\t\t\t<p><span class=\"CF7_req\">\u5fc5\u9808<\/span>\u304a\u554f\u3044\u5408\u308f\u305b\u5185\u5bb9<br \/>\n\u3000\u3000\u3000<span class=\"eng_txt\">*Detail of inquiry<\/span>\n\t\t\t<\/p>\n\t\t<\/th>\n\t\t<td class=\"message-100\">\n\t\t\t<p><span class=\"wpcf7-form-control-wrap\" data-name=\"your-message\"><textarea cols=\"40\" rows=\"10\" maxlength=\"2000\" class=\"wpcf7-form-control wpcf7-textarea wpcf7-validates-as-required\" aria-required=\"true\" aria-invalid=\"false\" placeholder=\"\u304a\u554f\u3044\u5408\u308f\u305b\u5185\u5bb9\u3092\u3054\u8a18\u5165\u304f\u3060\u3055\u3044\" name=\"your-message\"><\/textarea><\/span>\u3000\n\t\t\t<\/p>\n\t\t<\/td>\n\t<\/tr>\n<\/table>\n<p class=\"CF7_btn\"><input class=\"wpcf7-form-control wpcf7-submit has-spinner\" type=\"submit\" value=\"\u9001\u4fe1\u3059\u308b -SUBMIT-\" \/>\n<\/p><div class=\"wpcf7-response-output\" aria-hidden=\"true\"><\/div>\n<\/form>\n<\/div>\n<\/div>\n\n\n\n<p><\/p>\n","protected":false},"excerpt":{"rendered":"<p>\u3054\u8cea\u554f\u30fb\u3054\u76f8\u8ac7\u307b\u304b\u5fc5\u8981\u4e8b\u9805\u3092\u3054\u5165\u529b\u3044\u305f\u3060\u304d\uff3b\u9001\u4fe1\u3059\u308b\uff3d\u30dc\u30bf\u30f3\u3092\u62bc\u3057\u3066\u304f\u3060\u3055\u3044\u3002\u5fc5\u9808\u9805\u76ee\u306f\u3001\u5fc5\u305a\u3054\u5165\u529b\u3092\u304a\u9858\u3044\u81f4\u3057\u307e\u3059\u3002 \u304a\u554f\u3044\u5408\u308f\u305b\u30d5\u30a9\u30fc\u30e0\u53d7\u9818\u5f8c\u306b\u81ea\u52d5\u8fd4\u4fe1\u30e1\u30fc\u30eb\u3092\u9001\u4fe1\u3044\u305f\u3057\u307e\u3059\u3002\u3082\u3057\u30e1\u30fc\u30eb\u304c\u5c4a\u304b\u306a\u3044\u5834\u5408\u306f\u3001\u6050\u308c\u5165\u308a\u307e\u3059 [&hellip;]<\/p>\n","protected":false},"author":2,"featured_media":0,"parent":0,"menu_order":6,"comment_status":"closed","ping_status":"closed","template":"","meta":{"footnotes":""},"class_list":["post-24","page","type-page","status-publish","hentry"],"_links":{"self":[{"href":"https:\/\/ishihara-group.co.jp\/pics\/wp-json\/wp\/v2\/pages\/24","targetHints":{"allow":["GET"]}}],"collection":[{"href":"https:\/\/ishihara-group.co.jp\/pics\/wp-json\/wp\/v2\/pages"}],"about":[{"href":"https:\/\/ishihara-group.co.jp\/pics\/wp-json\/wp\/v2\/types\/page"}],"author":[{"embeddable":true,"href":"https:\/\/ishihara-group.co.jp\/pics\/wp-json\/wp\/v2\/users\/2"}],"replies":[{"embeddable":true,"href":"https:\/\/ishihara-group.co.jp\/pics\/wp-json\/wp\/v2\/comments?post=24"}],"version-history":[{"count":6,"href":"https:\/\/ishihara-group.co.jp\/pics\/wp-json\/wp\/v2\/pages\/24\/revisions"}],"predecessor-version":[{"id":299,"href":"https:\/\/ishihara-group.co.jp\/pics\/wp-json\/wp\/v2\/pages\/24\/revisions\/299"}],"wp:attachment":[{"href":"https:\/\/ishihara-group.co.jp\/pics\/wp-json\/wp\/v2\/media?parent=24"}],"curies":[{"name":"wp","href":"https:\/\/api.w.org\/{rel}","templated":true}]}}